3, -o*l = -5*s - 60. What are the prime factors of l?
7
Let q(y) = -y**2 - 3*y - 5. Let b be ((-20)/8 - (0 + -2))*16. Let z be q(b). Let v = z - -51. List the prime factors of v.
2, 3
Let t(q) = q**3 - 16*q**2 + 14*q + 17. Let k be t(15). Let r be 1*(6 + k)/4. Suppose -r*h + 9*h - 252 = 0. What are the prime factors of h?
2, 3
Suppose -22552*u + 22578*u - 296088 = 0. What are the prime factors of u?
2, 3, 13, 73
Let m(g) = 2*g**2 + 28*g - 8. Let f be m(-13). Let z be 73/(1*(f/16 - -2)). What are the prime factors of z/(-14) - ((-72)/42)/6?
2, 3, 7
Let z(v) be the second derivative of v**5/20 + 5*v**4/4 - 3*v**3/2 - 5*v**2 - 3*v - 3. What are the prime factors of z(-14)?
2, 3, 13
Let n = 26652 - 10828. List the prime factors of n.
2, 23, 43
Suppose -17*p = -30*p + 279097. Suppose 36*o = -4333 + p. List the prime factors of o.
2, 7, 17
Let y(f) = -1697*f - 1415. List the prime factors of y(-5).
2, 5, 7, 101
Let q = 34247 + -25077. What are the prime factors of q?
2, 5, 7, 131
Let p(b) = -72*b + 40 - 31*b + 52*b. List the prime factors of p(-9).
499
Suppose -100*f + 94*f = -2334. Suppose f = 11*l - 5045. What are the prime factors of l?
2, 13, 19
Let w be 52/(-14) - (-8)/(-28). List the prime factors of (w/10)/(4/(-5060) - 0).
2, 11, 23
Let a be 3506/(-8) - (-37)/148. Let j = -257 - a. What are the prime factors of j?
181
Let t be 1 + 1 + 5 + -4. Suppose -2*l - 12 = r, 4*r - l + 5 = 20. Suppose 7*d + t*f = r*d + 1060, 0 = -4*d + 3*f + 848. What are the prime factors of d?
2, 53
Let s(a) = 4 + 7*a + 11*a + 0 + 17*a + 11*a. Suppose -3*y - 1 = -4. List the prime factors of s(y).
2, 5
Let n(l) = l**3 + 3*l**2 + l - 3. Let f be n(-3). Let i be (64/(-20))/8*5*f. Suppose -295 = -i*s + 7*s. What are the prime factors of s?
59
Let o = -11670 + 17388. List the prime factors of o.
2, 3, 953
Let h = 2779 + -2741. Let p be 475/11 + 2/(-11). Suppose h*f + 885 = p*f. List the prime factors of f.
3, 59
Suppose -12*j = -j + 44. Let h(l) = 2*l**3 + 7 - 4*l**3 + l**2 - 2*l**2 - 4*l**2. List the prime factors of h(j).
5, 11
Suppose 0 = -45*d + 75207 - 58057 + 211405. List the prime factors of d.
3, 1693
Let j(y) = -y**3 - 10*y**2 - 15*y - 7. Let c be j(-10). Let g(i) = 6*i + 2 + c*i - 67*i. What are the prime factors of g(1)?
2, 3, 7
Let l = 5732 + 2456. List the prime factors of l.
2, 23, 89
Let j be (-8)/((-64)/(-468))*2/(-3). Suppose 13*x - j = 10*x. Suppose -11*f - 120 = -x*f. What are the prime factors of f?
2, 3, 5
Suppose -5*q - 3110 = -10950. Suppose -2*i = 304 - q. List the prime factors of i.
2, 79
Suppose -38882 = 123*z - 323012. List the prime factors of z.
2, 3, 5, 7, 11
Let p be 615/2 + 10/20. Let a = p + 24. What are the prime factors of a?
2, 83
Let g = 3146 + 63049. What are the prime factors of g?
3, 5, 1471
Suppose -7*g + 1676 = 10125. Let v = g + 2562. List the prime factors of v.
5, 271
Let w be (2 - (-48)/(-21)) + (-69)/(-21). Suppose -w*p = -4*f - 2 - 0, -4*p = f - 9. List the prime factors of (-34)/(-4) + (-1)/p.
2
Let n(d) be the third derivative of d**5/20 + d**4/4 + 5*d**3/6 - 11*d**2. Let s be n(-2). Suppose -4*j - 79 = -s*j. List the prime factors of j.
79
Let d(y) = 33*y**2 - 5*y + 1. Let x be d(-3). Let j = -34 + x. What are the prime factors of j?
3, 31
Let h(d) = 439*d - 3850. What are the prime factors of h(51)?
18539
Suppose 0 = 12*b - 47 - 25. Suppose -6077 = -b*l + 1519. List the prime factors of l.
2, 3, 211
Let z(w) = -16*w - 238. Let g be z(-8). Let n(r) = 41*r + 8. Let q be n(6). Let x = q + g. What are the prime factors of x?
2, 3
List the prime factors of (-8)/6*(141471/(-12))/11.
1429
Let m(y) = 8*y**2 - 12*y + 36. Let u be m(8). Suppose -p = -z - u, -884 = -2*p - 8*z + 6*z. What are the prime factors of p?
3, 149
Let f(w) = 5*w**3 + 5*w - 2*w**2 - 2*w**3 - 13*w - 1. Let d be ((-2496)/130)/(-12)*(-5)/(-2). List the prime factors of f(d).
127
Suppose 0 = b + 4 - 244. What are the prime factors of 2/((-24)/(-20))*(-3 + b)?
5, 79
Let t be 42/(-28)*32/(-6) + 2. Suppose -10*i + 5*i = -t. What are the prime factors of (i - -7)*(-16)/(-72)?
2
Let o(c) = -c**3 + 7*c. Let f be o(5). Let d be ((-3)/(-2))/((-3)/f). Let q = 142 - d. List the prime factors of q.
97
Let f be (-2 + 61)/(1/80). Suppose 0 = 12*r - 3572 - f. What are the prime factors of r?
691
Suppose 254*d - 912284 = 123*d. What are the prime factors of d?
2, 1741
Let u = -12382 - -19076. What are the prime factors of u?
2, 3347
Suppose 2*s = 5*d + 109, 0 = d + 3 - 0. Suppose -2172 = 41*n - s*n. List the prime factors of n.
2, 181
Let r(h) = -5*h + 104. Let c be r(34). List the prime factors of (-4)/6 - 32186/c.
487
Suppose -58900 + 426215 = 58*l - 32943. List the prime factors of l.
67, 103
Suppose -19 + 27 = 2*v. Suppose -v*c + 0*c = -884. Suppose -u + d = -217, 0*u - 2*d - c = -u. What are the prime factors of u?
3, 71
Suppose 16*h = 14*h + 442. Let g = h - -336. List the prime factors of g.
557
Let i = -3575 + 7050. Let n = i - 1628. List the prime factors of n.
1847
Suppose -36*o + 31*o + 22 = -k, 3*o = k + 14. Suppose -o*z - b = -759, -46*z + 5*b - 185 = -47*z. What are the prime factors of z?
2, 5, 19
Suppose 0 = -n + 133 + 37. What are the prime factors of ((-1284)/(-15) - -2)/(51/n)?
2, 73
Let m = -158 + 158. What are the prime factors of ((-7)/(-3))/((m + 6)/1260)?
2, 5, 7
Let m = -13043 - -18553. List the prime factors of m.
2, 5, 19, 29
Suppose -2*i - l + 14 = 2*l, -5*l = 2*i - 18. Suppose i*k - 20 = -k. List the prime factors of k*61*-3*(-3)/18.
2, 61
Let q be (30/75)/((-2)/(-10)). Suppose -5*d + 90 = s, -7*d = q*s - 3*d - 192. What are the prime factors of s?
2, 5
Let g = 13568 - -19588. What are the prime factors of g?
2, 3, 307
Let u(v) = 5*v**3 + v**2 - 23*v - 5. Let p(r) = 6*r**3 - r**2 - 23*r - 4. Let n(y) = 2*p(y) - 3*u(y). List the prime factors of n(-9).
2, 7, 113
Let w(u) = u**3 + 2*u**2 - 26*u - 40. What are the prime factors of w(15)?
5, 7, 97
Let p be -5 + -148 + (28/56)/((-1)/14). Suppose 5*s - 1341 = -4*u, -2*u = -s - 540 - 127. Let v = p + u. What are the prime factors of v?
2, 3, 29
Let t(p) = 12863*p**3 + 11*p**2 + 8*p - 15. What are the prime factors of t(1)?
3, 4289
Suppose 4*d - 967 = 2065. Suppose -d = -3*r + 298. What are the prime factors of r?
2, 11
Let q = -3108 + 18153. List the prime factors of q.
3, 5, 17, 59
Suppose 2*c + 4 = -0. Let m(v) = -v**3 + 6*v**2 + 16*v + 25. Let p be m(8). What are the prime factors of p/c*(-380)/25?
2, 5, 19
Let j = 8317 - 5697. Let h be 3/(-2)*24/(-9) + -8. List the prime factors of j/40 + (-2)/h.
2, 3, 11
Let n = 100 - 9. Suppose -2*u = -1 + 127. Let r = n + u. What are the prime factors of r?
2, 7
Let p = 13 + 16. Suppose -42471 = -p*d + 2*d. List the prime factors of d.
11, 13
Let x = 2526 + -1361. Suppose -2*h - z = -651 - 124, z - x = -3*h. Suppose 3*o = 4*b + 276, 3*o + 2*b = -o + h. List the prime factors of o.
2, 3
Let v(l) = -12*l - 7. Let c be v(20). Let p = -365 - c. Let u = -42 - p. What are the prime factors of u?
2, 19
Suppose -38*s + 142020 = -24*s - 106494. What are the prime factors of s?
3, 61, 97
Suppose 0 = -5*r - u + 33493, 43*u - 44*u = -r + 6695. List the prime factors of r.
2, 17, 197
Let m be 9/1*(-4 - -3). Let q be (m + 2 + 6)/(2/(-876)). Suppose 4*c + 130 = q. What are the prime factors of c?
7, 11
Suppose v - a = 29593, -5*v - 4*a + 74136 = -73838. What are the prime factors of v?
2, 14797
Suppose 0*a = 8*a. Suppose a = 81*j - 82*j + 37. List the prime factors of j.
37
Let n be (876/(-18))/((-3)/18). Let i = -15 - 146. Let g = i + n. What are the prime factors of g?
131
Let v be 0 - 2 - -54 - -2. What are the prime factors of (v/8 + (-1)/4)*50?
5, 13
Suppose 10*t = 3*t + 105. Let w = 3 + t. Let i = w - -23. List the prime factors of i.
41
Let q be 1188/(-52) + (-2)/13. List the prime factors of 2/6*q*(-173 - 4).
23, 59
Let h be -4*239/(-10) + 6/15. Let q = h + -47. List the prime factors of q.
7
Suppose 10*k - 1411 = 129. Suppose -k = -2*o - 0*o. What are the prime factors of o?
7, 11
Let t(c) = 4*c + 120. Let l be t(-30). Suppose 3*a + 8*i - 3*i - 74 = 0, 4*a + 3*i - 106 = l. List the prime factors of a.
2, 7
Let m = -13613 - -25781. List the prime factors of m.
2, 3, 13
Let g be (1/(-3) - 25/15) + 8. Suppose 0*q = -4*h - g*q + 1530, 745 = 2*h - q. What are the prime 